aa?
-115b
In base 8, what is -164 - -213?
27
In base 5, what is -11140143 - -1?
-11140142
In base 10, what is 348217 + 1?
348218
In base 15, what is -1160 + 43b?
-c24
In base 9, what is -78814 - 4?
-78818
In base 14, what is -d7 - 200?
-2d7
In base 12, what is -5 - 19b07?
-19b10
In base 2, what is 10101100110111010 - 1010110?
10101100101100100
In base 9, what is 347 - 3662?
-3314
In base 14, what is 5 - -391?
396
In base 12, what is -4a110 - 5?
-4a115
In base 16, what is 1f2 + 4d?
23f
In base 15, what is 1 + -887c?
-887b
In base 16, what is -f - -2cf?
2c0
In base 2, what is -10101101110 + 10010?
-10101011100
In base 15, what is ca74 - 5?
ca6e
In base 5, what is -3 + 1041321?
1041313
In base 8, what is -332134 + -13?
-332147
In base 10, what is -6 - -172?
166
In base 11, what is -1 + 3358?
3357
In base 4, what is 23 + -221330?
-221301
In base 5, what is -42101 + -3?
-42104
In base 12, what is -3b - 18671?
-186b0
In base 13, what is 48 + -c06?
-b8b
In base 11, what is -3997a + -1?
-39980
In base 8, what is 460 + -453?
5
In base 12, what is 1b98a + 19?
1b9a7
In base 5, what is 3 - -12141303?
12141311
In base 6, what is 12333 - 23?
12310
In base 15, what is 130 + 88e?
9be
In base 3, what is -221 - -10021120210?
10021112212
In base 2, what is -1101101101100 + 111100?
-1101100110000
In base 10, what is -4655 - 1?
-4656
In base 7, what is 113 - -5521?
5634
In base 7, what is 560644 - 15?
560626
In base 9, what is 2 - 87223?
-87221
In base 14, what is 25 + 1d55?
1d7a
In base 11, what is -a - 4062?
-4071
In base 8, what is -42043 + -362?
-42425
In base 11, what is -2548 + 41a?
-2129
In base 15, what is -173 + 451?
2cd
In base 8, what is -10501 - 11?
-10512
In base 11, what is -1925 + -304?
-2129
In base 16, what is -32e61 + 0?
-32e61
In base 3, what is -10 + 100211012?
100211002
In base 5, what is 14222330 + 10?
14222340
In base 13, what is -2 + -12576?
-12578
In base 15, what is 346b + -1?
346a
In base 14, what is 15 - -6d4?
709
In base 14, what is 7 - 174b3?
-174aa
In base 4, what is -1 + 100210210?
100210203
In base 14, what is 7 - -634c?
6355
In base 14, what is a - 32c9?
-32bd
In base 8, what is -763 - 5515?
-6500
In base 6, what is -32344 + 200?
-32144
In base 12, what is -23 - a1?
-104
In base 15, what is 19e - -a0?
24e
In base 8, what is -470 + 353?
-115
In base 3, what is -2 - 1211011021212?
-1211011021221
In base 6, what is -15 + 3033530?
3033511
In base 8, what is 1276 - 10?
1266
In base 6, what is -35 + 4412315?
4412240
In base 3, what is 1111122 - -12?
1111211
In base 9, what is 461 - 58?
402
In base 10, what is 3 - 10164?
-10161
In base 15, what is 1718 + 0?
1718
In base 3, what is -22202 - -20211?
-1221
In base 2, what is 10101101 + -101001001001?
-100110011100
In base 9, what is -2 + -74683?
-74685
In base 14, what is 30c61 - 0?
30c61
In base 8, what is 140133 + -5?
140126
In base 14, what is -25 + 7cb?
7a6
In base 7, what is 2015165 - 2?
2015163
In base 8, what is 360 + 537?
1117
In base 14, what is -6bc + 107?
-5b5
In base 3, what is 12022 - -11112?
100211
In base 10, what is 18 + -1818?
-1800
In base 2, what is 1000000010110110 + 100?
1000000010111010
In base 7, what is 241346 + -3?
241343
In base 8, what is -345 + -13615?
-14162
In base 13, what is -2b7 - -11c?
-198
In base 11, what is 37559 - -7?
37565
In base 13, what is 94 + -23a7?
-2313
In base 10, what is 1050 - -245?
1295
In base 7, what is 46 + -242563?
-242514
In base 4, what is -103131 - 1033?
-110230
In base 7, what is 105113306 + 1?
105113310
In base 11, what is 2 - 45a04?
-45a02
In base 11, what is 439 + 18?
456
In base 10, what is 17308 - -3?
17311
In base 14, what is -3 + 390d7?
390d4
In base 8, what is 1722 + -5?
1715
In base 7, what is 42130 + 5?
42135
In base 13, what is -39 + 56b2?
5676
In base 15, what is -8 + 12556?
1254d
In base 13, what is 1b4b + 44?
1b92
In base 12, what is 43 + 7148?
718b
In base 9, what is -83 - -1444?
1351
In base 13, what is 0 + -5150b?
-5150b
In base 4, what is -20033122 + 2?
-20033120
In base 11, what is -66547 - -20?
-66527
In base 2, what is 100101 + 10001111110011?
10010000011000
In base 15, what is 6881 + 4?
6885
In base 3, what is 120221012010 - 12?
120221011221
In base 16, what is -1 - 3482?
-3483
In base 3, what is -20001012 - 21?
-20001110
In base 8, what is -75626 - 10?
-75636
In base 6, what is -10 + 242052?
242042
In base 4, what is 113 + -210212120?
-210212001
In base 2, what is 1000 + 111000100101110?
111000100110110
In base 11, what is -2 + -5466?
-5468
In base 8, what is 264 + -3155?
-2671
In base 7, what is 103432 - -65?
103530
In base 9, what is -5 - -223775?
223770
In base 5, what is 2 - 114131?
-114124
In base 2, what is -1010000010 - 110011001011?
-111101001101
In base 11, what is -6827 - 1?
-6828
In base 4, what is -1202332 - 22?
-1203020
In base 15, what is 12e + -98?
86
In base 7, what is -2146 - -614?
-1232
In base 6, what is 130512 + -2?
130510
In base 10, what is 333415 + -1?
333414
In base 6, what is -1333155 - -5?
-1333150
In base 6, what is -120012 + 42?
-115530
In base 12, what is -7 + 1b133?
1b128
In base 4, what is 311312 + 10?
311322
In base 14, what is -8 - 41d08?
-41d12
In base 3, what is -1102112110 + 11?
-1102112022
In base 6, what is -5 + -250311?
-250320
In base 2, what is 1101000101010100010 - 10?
1101000101010100000
In base 14, what is 174 + c5?
259
In base 2, what is 10 + 101110010000011?
101110010000101
In base 4, what is 1022 - 3231201?
-3230113
In base 4, what is 110 + -101020103?
-101013333
In base 4, what is -32022 + -10121?
-102203
In base 14, what is -4443 + -5?
-4448
In base 6, what is 110405 - 202?
110203
In base 15, what is -146e3 + 1?
-146e2
In base 2, what is 11 - -1111111010011111?
1111111010100010
In base 10, what is 239733 + -4?
239729
In base 10, what is -55839 + -1?
-55840
In base 9, what is 4 - -435883?
435887
In base 14, what is -19 - -52a4?
5289
In base 5, what is 2002 + -230?
1222
In base 12, what is -1b + 157?
138
In base 6, what is -152140 - 11?
-152151
In base 4, what is 130 + 112233?
113023
In base 16, what is 2 + -1415?
-1413
In base 3, what is -1120 + -102111120?
-102120010
In base 6, what is -32 - 33455?
-33531
In base 5, what is -3 + 122041313?
122041310
In base 3, what is 1 - 21111020?
-21111012
In base 8, what is 1412 + 31?
1443
In base 3, what is 11 - -120100012200?
120100012211
In base 2, what is -1100010011 - 1101111111?
-11010010010
In base 16, what is -1e5c + -d?
-1e69
In base 13, what is -28 - a14?
-a3c
In base 4, what is 33323 - 31221?
2102
In base 4, what is -11023123 + -2?
-11023131
In base 12, what is -1327 + 79b?
-748
In base 4, what is -100203120 - 3?
-100203123
In base 15, what is -119 - -1bc?
a3
In base 3, what is 1 + 2110120111?
2110120112
In base 5, what is 10402 - -31302?
42204
In base 8, what is -3407 - -511?
-2676
In base 15, what is -86 - -441?
3aa
In base 4, what is 2 + 110100?
110102
In base 6, what is -10424550 + -3?
-10424553
In base 11, what is -104019 + 1?
-104018
In base 9, what is -207 + -860?
-1167
In base 12, what is 297b - 4?
2977
In base 2, what is -10000111 + 100010000?
10001001
In base 16, what is -18 + 25b2?
259a
In base 16, what is 1 + -4463e?
-4463d
In base 6, what is 2 - -153424?
153430
In base 14, what is -ac15 + 8?
-ac0b
In base 13, what is 923 + 1a8?
acb
In base 4, what is 32111 - 2211?
23300
In base 8, what is 2 - -3553?
3555
In base 10, what is -4 - -1848?
1844
In base 14, what is -4 + -3ab99?
-3ab9d
In base 2, what is -1011111010100111 - 1?
-1011111010101000
In base 14, what is a3626 + -3?
a3623
In base 11, what is -7075 - 5?
-707a
In base 16, what is 9626 + 0?
9626
In base 11, what is 3278 + 10?
3288
In base 15, what is -ee + -2165?
-2264
In base 4, what is -111 + -202301222?
-202301333
In base 3, what is -2221012001 - -12?
-2221011212
In base 8, what is -107 - 17602?
-17711
In base 9, what is -413 - 434?
-847
In base 5, what is 42223 - -42?
42320
In base 11, what is 22 - -1008?
102a
In base 15, what is 4 + 6a48?
6a4c
In base 4, what is -3 - -2113122?
2113113
In base 5, what is -1 - 134024?
-134030
In base 2, what is 1111010 + -100000000?
-10000110
In base 13, what is b2 - 25b?
-179
In base 16, what is 8765 - 8?
875d
In base 14, what is 52 + 416?
468
In base 15, what is -1704 + 1?
-1703
In base 8, what is 436 - 2173?